2
What is the value of 0 + 6 + 5 + -5?
6
(10 - (-2 - -20)) + (-1 - -5)
-4
Evaluate -15 - (-7 + -8 + 5).
-5
Calculate -2 + (6 - 2) + 11 + -10.
3
Evaluate (0 - 5) + -14 + 18 + -6.
-7
What is the value of (-5 - (-3 + 2)) + -2?
-6
Calculate 0 - -2 - 7 - -8.
3
What is the value of -3 + -12 + 27 + -14?
-2
Evaluate 2 + 4 + -8 + (1 - 1).
-2
Calculate -9 + -3 + -10 + 26.
4
What is 0 - (-4 + -4 + 3 + 5)?
0
What is 6 - (-4 - (-13 + 0) - 3)?
0
Evaluate -4 + -2 - (-10 - (-20 + 10)).
-6
What is the value of -7 - (-6 + 2 + 2)?
-5
What is the value of -5 + 0 - (1 - 2)?
-4
What is -2 - -11 - 7 - -1?
3
Calculate -3 - (1 + (-10 - (-2 + -3))).
1
What is -6 + (-2 - -1) - -2?
-5
What is (-3 + 1 - (2 - 4)) + -4?
-4
Evaluate 1 - ((4 - 6) + (-3 - -2)).
4
Calculate 0 - 3 - (6 + 18 + -21).
-6
(3 - 3) + (2 - 2) - -4
4
What is the value of 14 + -2 + -8 - 8?
-4
Evaluate 3 - ((9 - 0) + 1 + -2).
-5
-1 - 2 - ((-2 - -4) + 2)
-7
What is 2 - (0 + -3 + 1 - -8)?
-4
What is (3 - -2) + -3 + (-7 - -3)?
-2
Evaluate -1 + 5 + (0 - 6).
-2
1 + 1 + 1 - (-20 + 25)
-2
Calculate -1 - (2 + -4 + 1) - 2.
-2
2 + -6 + 1 + 4
1
What is the value of (3 - (7 + -1)) + (1 - 0)?
-2
What is (1 - -5) + (113 - 121)?
-2
What is the value of (4 - 3) + (0 - -1)?
2
Evaluate 1 + (3 - (-4 + 9)) + 1.
0
Calculate (14 - 12) + (-1 - 8) - -2.
-5
What is (-8 - 1) + 14 + -1 + -6?
-2
What is the value of 0 + (-3 - -3) + -1?
-1
What is -2 + 5 + (5 - 5)?
3
What is the value of 2 - 3 - (2 + -2)?
-1
Evaluate (28 - 25) + 2 + 0.
5
Evaluate -9 + (2 - (2 + -2)).
-7
What is (11 - 19) + 9 - -3?
4
Evaluate (0 - (2 - 2) - 1) + 6.
5
What is the value of -5 + (0 - -12) + -7 + 5?
5
Evaluate (-9 - (3 + -8)) + (7 - 1).
2
Calculate (-1 - (1 + -9)) + -3.
4
8 + -2 - 7 - -4
3
Evaluate (-1 + (3 - 1) - 1) + -5.
-5
What is the value of 9 + -14 + 10 + 0?
5
Calculate 3 + (9 - 6) - 12.
-6
What is the value of (7 - 2 - -2) + -7 - -4?
4
-15 + (4 - (11 + -14))
-8
1 + (-6 - -13) + (-1 - 3)
4
What is the value of -1 + 6 + -14 - -13?
4
134 - 143 - (-4 + -1)
-4
-1 - 3 - (-7 + 12 + -8)
-1
(6 + -1 - (-1 + 4)) + -7
-5
What is (-2 - -2) + -1 + -3 + 1?
-3
What is 3 - (-2 - -2 - -3)?
0
0 - (3 + 2) - -4
-1
What is (3 - 2) + 7 + -11?
-3
Calculate 3 + -8 + 2 + (0 - -3).
0
(0 + 0 - (2 - 6)) + -7
-3
Evaluate -1 + -3 - (1 - 3) - 3.
-5
Calculate 5 - (-6 - -5) - -1 - 5.
2
Calculate -1 + (-12 - -14 - 5).
-4
Calculate -56 + 61 - (2 - 2 - -14).
-9
Calculate -5 - (-5 + (1 - -2 - 5)).
2
Evaluate 9 - (-3 + -5 + 7) - 5.
5
Calculate 10 + 1 + -4 - -3.
10
What is 5 - (-5 + 3 + (7 - 2))?
2
Evaluate 2 - (5 + (-6 + 3 - 1)).
1
Evaluate 1 + -1 + 2 + -1 - 2.
-1
Calculate (-2 + -3 - -1) + 4.
0
8 - (-1 + 4) - (1 + 0)
4
Evaluate 3 + 1 + -7 + 4.
1
Evaluate -3 + 3 + 2 - (15 + -7).
-6
1 + -5 - (-3 + -1)
0
What is the value of 6 - -16 - 15 - (0 + 3)?
4
-2 + 1 + 2 - (-22 + 18)
5
What is the value of 5 + -2 + 0 + -6?
-3
(0 - -4) + -6 - 1
-3
8 + (8 + -3 - 10)
3
What is the value of (0 - 2) + 0 + (171 - 176)?
-7
Calculate 6 + (-1 - 4) - 3 - 2.
-4
What is the value of 4 + 1 - (1 - (-1 - -1))?
4
Calculate (-3 - -4 - -6) + 14 + -16.
5
2 - (-4 + 8 - (-3 - -2))
-3
What is the value of 3 + -1 - (-16 + 17)?
1
Calculate 3 - -2 - (5 - 1).
1
Calculate 0 + -7 + 3 - (0 - 5).
1
Calculate -2 - 1 - -8 - (-1 - -10).
-4
What is the value of -2 + 1 + -2 - (232 + -240)?
5
Evaluate 1 - (-4 + 14 - 4).
-5
-3 + (-2 - 0) + 4
-1
What is 5 + -3 - (7 + -2)?
-3
Evaluate (36 - 43) + 0 + -3.
-10
Evaluate 1 + -1 + 5 + -4 + -1.
0
6 + -11 + 5 - 3
-3
What is (8 - (1 - 0)) + -2 - 1?
4
What is (-5 - (-2 - 0)) + (65 - 59)?
3
Calculate -7 - (-5 + 4 + (-1 - 0)).
-5
-1 + 1 + 1 + -1 + 1
1
What is 2 - -1 - (-10 + 11) - 4?
-2
What is 12 - (2 + -1 + 4)?
7
What is the value of 13 - 12 - 1 - 5?
-5
Evaluate (1 - 5) + 7 - 5.
-2
(10 - (10 - -7)) + -2
-9
Evaluate 2 + -4 + 1 + 4 + -1.
2
What is 2 + (2 - (13 + -7))?
-2
Calculate (-9 + 3 - -7) + 0.
1
Evaluate 4 + -7 - (-9 + 2 - -7).
-3
Calculate 3 + (1 - 0) - (9 - 5).
0
Evaluate -2 - (6 + -15 + 6).
1
Evaluate 3 + 0 - (6 - (-8 - -11)).
0
What is the value of 1 + -1 + 6 + -7 + 3?
2
What is the value of (3 - -1) + (-9 - -13) + -2?
6
What is the value of -8 + 5 + 5 + -6?
-4
What is the value of (3 - 3) + -4 - (9 + -10)?
-3
4 + -2 + 3 + -2
3
-5 + (2 - -7 - 4)
0
Calculate (4 - -1) + (-9 - -12) - 4.
4
What is the value of 12 - (-11 - -6 - -25)?
-8
What is the value of (1 - 1) + 8 + -21 + 10?
-3
Evaluate -4 + 8 - 4 - 0.
0
What is the value of 1 - -3 - (-6 + 7 - -2)?
1
Calculate 3 + (-5 - ((-4 - 7) + -2)).
11
5 - (5 + -1) - (1 - -1)
-1
Evaluate -7 - -10 - 9 - -4.
-2
What is the value of (152 - 148) + (2 - 13)?
-7
Calculate 8 + -14 + 1 + 1 + 4.
0
2 + (-17 + 21 - (6 - 0))
0
12 + -3 + -9 + -4
-4
What is -1 + (1 - 0) + -8 - -3?
-5
3 - (-1 - -1) - (-4 - -9)
-2
Evaluate -19 - -21 - (-3 - -11).
-6
(2 - -2) + -9 - 0
-5
Evaluate -15 - (-4 + -3 + 1) - -2.
-7
What is -5 - (-35 + 35 - (1 + 5))?
1
(9 - 5) + -6 + -2
-4
Calculate (-9 - -9) + (2 - 2) + -4.
-4
Evaluate 13 + -17 + 1 + 1.
-2
What is the value of 2 - (4 + -1) - (-5 + 5)?
-1
What is -1 - (7 + (5 - 3)) - -5?
-5
Evaluate (-1 - -3) + (16 - 17).
1
Calculate 13 + -8 + -3 + (2 - 1).
3
Evaluate (5 - 4) + 1 + -8 + 6.
0
Calculate 0 + (-1 - (-5 + 6 + -1)).
-1
What is the value of -3 - (-2 - (5 + -10 - -3))?
-3
What is 0 + (0 - (-5 + 9))?
-4
18 - (-15 + 33) - (-1 + -5)
6
What is 14 + (-4 - 8) + 9?
11
Evaluate (14 - (0 + 1)) + (14 - 21).
6
Calculate -5 - (-7 + -1) - 3.
0
Calculate (0 - -5) + (10 - 11).
4
Calculate (8 - (-7 - -7)) + -14.
-6
Calculate -3 + (-13 + 16 - (1 + 1)).
-2
What is -10 + 0 - (-5 - (3 + -8))?
-10
Evaluate 1 + 11 - (13 - 4).
3
What is 9 + -5 - (2 - -5)?
-3
What is -2 - (-4 + 3 + 4 + -9)?
4
What is the value of (-8 - -11) + -2 + 0?
1
What is 1 - (0 + 1) - 1 - 0?
-1
Calculate 1 - (-5 + 4 - 3).
5
Evaluate (1 - 1) + (31 - 27).
4
(6 - 20 - -24) + -6
4
Calculate 4 - 3 - -10 - 5.
6
0 - ((-2 - -3) + 3) - 2
-6
What is 5 + 6 - (-5 + 1 + 8)?
7
What is the value of 3 - (-7 + 7 - (-2 - -4))?
5
Evaluate (8 - 8 - -2) + 3.
5
Evaluate 0 - (3 + -1 + (-1 - 4)).
3
What is -2 + -5 + 1 + 0 + 2?
-4
Evaluate 6 + -7 + 13 + -8.
4
What is the value of (-8 - (-8 + 0)) + -3 + 8?
5
-9 + 1 - (-70 + 57)
5
What is the value of 4 - (10 + -4 + (-1 - 2))?
1
What is 9 + (-4 - (-6 - -10))?
1
What is the value of -2 + 6 + -1 + -1 + 2?
4
Calculate 5 + -1 + (-3 - -2) + -6.
-3
Evaluate -2 - (-3 + 3 + -1 - 1).
0
What is the value of -3 + (9 - (10 + -8)) + 4?
8
8 + 2 - 5 - (-2 - -7)
0
Evaluate (4 - 0 - -1) + 112 + -121.
-4
1 + 3 - (4 + -3)
3
3 + (-1 - (4 - 0)) + 7
5
Calculate 14 - 20 - (-6 + -1).
1
What is the value of 0 + -5 - (-32 + 35)?
-8
What is the value of 8 + (-14 - (5 - 8))?
-3
Evaluate -7 - -10 - (13 - 4).
-6
What is 2 - 1 - (-5 + (6 - -7))?
-7
What is 4 - (3 - 0) - -3?
4
Calculate -38 + 32 + 8 + -1.
1
Calculate -2 + 7 + 4 + -4.
5
What is the value of -2 - ((8 - 6) + 2)?
-6
Evaluate 1 - (-15 - (-9 - -1)).
8
Calculate 4 - (5 + (-3 - 3)).
5
Calculate 1 + -15 + -1 + 17 + -11.
-9
8 + -4 + -8 - -1
-3
Evaluate -3 - (-3 + 1 - (-1 + -2)).
-4
What is the value of 5 + 0 + -5 - 6 - -12?
6
Evaluate 74 + -68 + (-2 - -2).
6
Evaluate 4 + (-12 - -3) + 0 + 0.
-5
What is 1 + (-2 - -9) - (1 - -3)?
4
What is the value of -5 - -5 - ((0 - 6) + 9)?
-3
What is 5 - (5 + -1 + (-5 - 0))?
6
What is 0 - (0 - -3) - (8 + -7)?
-4
Calculate 29 + -30 - (2 - 0).
-3
Evaluate 2 + -2 + (12 - (12 - 3)).
3
-6 + 5 + -8 + 5
-4
Calculate 0 + 8 + (2 - 5).
5
What is the value of 1 + 6 - 5 - -1?
3
What is the value of (3 - -4) + 9 + -1 - 7?
8
Calculate -7 + (-3 - -7) + 1 + 0.
-2
What is the value of -12 + (21 - 10) - 6?
-7
Evaluate 3 - ((2 + -2 - -1) + 5).
-3
2 + 0 - (-11 - -8)
5
What is the value of (-1 + -6 - 0) + -1?
-8
Calculate (8 - 1) + 0 + (9 - 7).
9
What is -4 + 8 + (-2 - -4) + 0?
6
Calculate (4 - 8) + 7 + (-2 - 1).
0
-2 + 3 + -3 + -2
-4
What is the value of -3 - (-2 - (-6 + 6 + 2))?
1
Calculate -3 + 6 - (7 + 1 + -2).
-3
What is (0 - (-3 + 3)) + 3?
3
What is the value of (-3 - -13 - -1) + -8?
3
What is -5 - ((-1 - -1) + -1)?
-4
Evaluate -1 + (0 - (1 + (3 - 3))).
-2
What is the value of (2 + 3 - 2) + 36 + -46?
-7
What is (-2 - (-2 + 2 - 3)) + -5?
-4
1 - (-5 + 8 + 3)
-5
Calculate 3 + 0 + (-1 - -6) - 7.
1
Evaluate (9 - 20) + 3 + 2.
-6
What is the value of -22 + 15 - (-4 - 2)?
-1
1 + 7 - (2 + 2)
4
Calculate -4 - (-5 - (1